 11, 269
Suppose 225 = 3*q + f - 4*f, -383 = -5*q - 3*f. Let z = q - 13. List the prime factors of z.
3, 7
Suppose -38*i - 18*i = -36064. What are the prime factors of i?
2, 7, 23
Suppose 0 = -x + 2, 5*d - 7*x + 10*x = 3891. What are the prime factors of d?
3, 7, 37
Let s(p) = -4*p - 1. Let n be 456/(-16) + (-3)/(-2). Let i be ((-8)/6)/((-6)/n). What are the prime factors of s(i)?
23
Let l(a) = a + 21. Let v be l(-4). Let q = 79 + v. What are the prime factors of q?
2, 3
Let c(y) = 5*y**2 + y - 12. List the prime factors of c(-6).
2, 3
Let n(y) = -y**3 + 2*y**2 + 2. Let b be n(2). Suppose b*t - 3*k + 10 = 4*t, -4*k + 6 = -t. Suppose 3*q = 5*o + 15, 4*o = t*o. What are the prime factors of q?
5
Suppose t = x - 141, 3*x - 426 = -t + 5*t. List the prime factors of x.
2, 3, 23
List the prime factors of (-29384)/(-40) + 3*(-2)/(-15).
3, 5, 7
Let h(m) = m**3 - 23*m**2 + 6*m - 22. Let r = 37 + -14. What are the prime factors of h(r)?
2, 29
Suppose 0 = -6*i + 2*i - n + 765, 201 = i - 3*n. What are the prime factors of i?
2, 3
Let n = 150 - 44. Suppose -4*g = -5*w + n, 0 = 4*w + 3*g + g - 92. List the prime factors of w.
2, 11
Suppose 5*p = -4*v + 3398, -3*v + 2160 = 5*p - 391. What are the prime factors of v?
7, 11
Let w be (-1)/6*-622 - 18/27. What are the prime factors of w/1 + 2*(-3)/6?
2, 3, 17
Suppose -560 = -7*w + 679. Suppose 8*t = 473 - w. What are the prime factors of t?
37
Let a = 2441 + -538. What are the prime factors of a?
11, 173
Suppose -13*y = -20*y - 7. Suppose -2*s + 24 = -b + 6*b, -s = 3*b - 10. Let j = y + s. What are the prime factors of j?
3, 7
List the prime factors of (-1457)/(((-2 - 0) + 0)/2).
31, 47
Suppose 319 = 2*k + 943. Let q = k + 602. What are the prime factors of q?
2, 5, 29
Suppose 2*z - 5 + 21 = 0. Let d be (-124)/z*(-1 - -3). Suppose -d = 5*m - 236. List the prime factors of m.
41
Let a(s) = s**3 - 4*s**2 - 5*s + 3. Let x be a(5). Suppose -z = -2*z - x. List the prime factors of (-55)/z - (-4)/6.
19
Let n be (-12363)/(-12) + 3*(-1)/(-4). Suppose -4*f - 602 - 474 = -4*t, -5*f + n = 4*t. What are the prime factors of t?
2, 3, 11
Let g(d) = 2*d**2 + 16*d + 6. Let c be g(10). What are the prime factors of (c/(-9))/2*-3?
61
Suppose -2*g - 12*g = -7910. List the prime factors of g.
5, 113
Let b(c) = 2*c - 9. Suppose 4*z - 28 = -0*z. Let p be b(z). Suppose 3*m = 8*r - 3*r - 253, -5*m + 245 = p*r. List the prime factors of r.
2, 5
Let g = -288 + 784. Suppose 22*d = 14*d + g. List the prime factors of d.
2, 31
Let q(h) = h**2 + h + 3. Let o be -1 + (-3)/(-9)*3. Let a be q(o). Suppose -17 = a*v - 2, 3*v - 15 = -5*m. What are the prime factors of m?
2, 3
Let f(x) be the second derivative of -x**4/12 + 6*x**2 - 9*x. Suppose -2*g = -5*i - 10, 5*i - 5 = -15. List the prime factors of f(g).
2, 3
Let t(m) be the first derivative of -m**4/3 - m**3/3 + 5*m**2 - 6. Let y(h) be the second derivative of t(h). What are the prime factors of y(-2)?
2, 7
Let u be 1365/(-10)*(-24)/9. Suppose -4*l - l = -5*j - 355, -5*l - 4*j = -u. List the prime factors of l.
2, 3
Let f be (13 - -11)/(2 + 0). Let j = 33 - f. List the prime factors of j.
3, 7
Suppose -5*r + 7 = 2*j - 19, -3*j = 5*r - 29. Suppose j*f + s + 220 = 0, 5*f - 7*s + 3*s = -344. Let w = f + 132. What are the prime factors of w?
2, 3, 5
Suppose 13*f - 16*f = -69. Let w = f + 56. List the prime factors of w.
79
Let b(c) = c**3 - 9*c**2 - 9*c + 10. Let k be b(10). Suppose -s - 4*s + k = 0. List the prime factors of 6/s*500/30.
5
Let a(i) = -3*i + 11*i**2 + 4*i**2 - 11*i**2 + 0*i - 20. What are the prime factors of a(6)?
2, 53
Let y(i) = -2*i**2 + 46*i - 7. What are the prime factors of y(11)?
257
Let z = -1482 + 3008. What are the prime factors of z?
2, 7, 109
Suppose -116*j + 15633 = -113*j. What are the prime factors of j?
3, 193
Let o(q) = -q**3 + 7*q**2 + 6. Let l be o(7). Let y be (-9)/(1/(28/l)). List the prime factors of ((-18)/4)/(7/y).
3
Suppose 28 = 3*f + 1. Let t be (-140)/18 - 2/f. Let v = t + 48. What are the prime factors of v?
2, 5
Let n = 455 + 522. List the prime factors of n.
977
Let h(k) = -k**3. Let s(o) = -3*o**2 - 3*o. Let v(y) = h(y) + s(y). Let c be 1*0/2 - 3. List the prime factors of v(c).
3
Let l(u) = 2*u**2 + u + 4. Let x be l(-3). Suppose -8 = 4*y, -x = -3*j + 2*j - 5*y. Let v = j + -21. What are the prime factors of v?
2
List the prime factors of (94/(-4))/(-9 + 197/22).
11, 47
Suppose -2*x - 20 = -7*x - 5*b, 0 = -3*b - 9. Let r be x/(-2)*102/(-119). Suppose 2*m = y - 57, -2*m - 2*m - 175 = -r*y. What are the prime factors of y?
61
Let h(b) be the third derivative of b**6/120 - 2*b**5/15 + b**4/8 - b**3 - 3*b**2. Let q be h(7). Let z = q + 58. List the prime factors of z.
2, 3
Let o(c) = 5*c**2 + 20*c + 9. What are the prime factors of o(10)?
709
Suppose 32*z = 39*z - 15120. What are the prime factors of z?
2, 3, 5
Let q = 53 + -48. Suppose 7 + 41 = q*h + g, 3*h - 21 = 2*g. List the prime factors of h.
3
Suppose 2*m = -2*s + 1036, 0*m = -s - 2*m + 519. What are the prime factors of s?
11, 47
Let r be (4 + 4 + -7)*(5 - 2). Suppose -r*g + 361 = -4*f, -g - 5*f + 107 = -3*f. List the prime factors of g.
5, 23
Let f(t) = t**3 - 10*t**2 + 18*t - 3. What are the prime factors of f(12)?
3, 167
Let x(j) be the first derivative of j**2 + 11*j + 215. Let v = 51 + -30. List the prime factors of x(v).
53
Let r(t) = t**2 - 6*t + 4. Let w be r(3). Let n(b) = -2*b**3 - 6*b**2 + 5*b - 5. List the prime factors of n(w).
2, 5, 7
Let k(y) = 2*y - 9. Let r be k(7). Suppose 0 = 5*u + 2*b + 12 - 32, 3*b = -r*u + 20. Suppose -u*j = p - 61, -2 = 4*p + 10. List the prime factors of j.
2
Let u(x) be the second derivative of -3*x**3 - x - 1/12*x**4 - 21/2*x**2 + 0. List the prime factors of u(-11).
2, 7
Suppose 3*c - 4*w - 2256 = -2*w, 2238 = 3*c + 4*w. What are the prime factors of c?
2, 3, 5
Let p = 28 - 25. Suppose 9*i - 1836 = -p*i. List the prime factors of i.
3, 17
Let j(v) = -29*v + 10. Let y be j(-3). Let z = y - 40. What are the prime factors of z?
3, 19
Suppose 17*m = 11*m + 10038. List the prime factors of m.
7, 239
Suppose -1121 = -5*f + 3*x + 11045, -3*x = -9. What are the prime factors of f?
5, 487
Let t = -7922 + 11858. What are the prime factors of t?
2, 3, 41
Let a(d) = -3*d**3 - 29*d**2 - 32*d + 47. What are the prime factors of a(-14)?
17, 179
Let r(f) = f - 6. Suppose -4 - 1 = -m. Let v be r(m). Let u = 25 - v. What are the prime factors of u?
2, 13
What are the prime factors of 1101 + ((-20)/(-4) - (-42)/(-6))?
7, 157
Let i(l) be the third derivative of -l**6/120 - 3*l**5/20 - l**4/6 + 2*l**3 - 8*l**2. Let w(t) = -9*t**2 - t + 1. Let u be w(1). List the prime factors of i(u).
2, 3
Let q(y) = -y**3 + 10*y**2 + 14*y + 15. Suppose 64 = 4*p - 0*p + 4*k, -p - 5*k = -36. List the prime factors of q(p).
2, 3
Let y(k) = k**2 - k + 206. What are the prime factors of y(0)?
2, 103
Let j(u) = -8*u**3 + 13*u**3 - 4*u**3 - 4*u - 2*u. List the prime factors of j(5).
5, 19
Suppose -8*v = -3*v + 745. Let d = -85 - v. What are the prime factors of d?
2
Suppose 6 - 2 = -4*x. Let k = x + 4. What are the prime factors of k/(((-6)/(-22))/1)?
11
Let y be (-4)/(0 + -4) - (-9)/3. List the prime factors of 1/y*2 - 75/(-6).
13
Let a be 42/((-8)/36 + 97/558). What are the prime factors of a/(-42) - (-1)/3?
3, 7
Suppose -3*d = -5*z + 5, -3*d = -d + 4*z - 4. Suppose 0 = 2*p - 46 - d. List the prime factors of p.
23
Let a(v) = -2*v - 1. Let m be a(1). Let y(w) = -2*w - 7. Let n be y(m). List the prime factors of 15 + (-2 - -2 - n).
2
Let d(p) = -p**3. Let k(n) = -4*n**3 + 2*n**2 - n + 5. Let j(g) = -5*d(g) + k(g). List the prime factors of j(0).
5
Let r(i) = i + 16. Let c(d) = -d - 15. Let w(o) = 3*c(o) + 4*r(o). Let v(t) = 19. Let u(p) = 2*v(p) - 3*w(p). List the prime factors of u(-13).
2, 5
Let c(d) = 3*d**3 + 9*d - 8. Suppose 4*l + 54 - 66 = 0. List the prime factors of c(l).
2, 5
Let k(z) = z + 92. Let y be k(0). Suppose q = y - 2. Suppose 2*v - 222 = -q. List the prime factors of v.
2, 3, 11
Let d(v) = v**3 - 7*v**2 + 19. What are the prime factors of d(10)?
11, 29
Let b(l) = -100*l + 165. What are the prime factors of b(-7)?
5, 173
Suppose 3*s - 37 = -10. What are the prime factors of (-276)/s*(-18)/12?
2, 23
Let f(l) = 242*l**2 - 4*l - 3. List the prime factors of f(-1).
3
Suppose